 2*o + 23 - 11. Let j(c) = 2*c + 4. Let y(a) = -11*i(a) - 6*j(a). Determine y(-8).
6
Let a(m) be the first derivative of m**4/4 - 8*m**3/3 + 4*m**2 + m + 3. Suppose 42 = 3*d - 18. Suppose u + 0*u = -3*y + 18, 5*y = -5*u + d. Calculate a(y).
8
Suppose -2*g - 18 = -5*a, 3*a + 2*a - 3*g - 22 = 0. Let c(j) = -5 + j**2 + 4*j**2 - 3*j - 4*j**a. What is c(5)?
5
Suppose -j = 2*c - 3*j + 10, -5*c - 2*j = -10. Let x(b) be the third derivative of 7*b**2 + 0 - 1/60*b**5 + 1/3*b**3 - 1/24*b**4 + c*b. What is x(2)?
-4
Let v be (11 - -1)*(18/(-12) + 1). Let j(k) = -k**2 - k + 6. What is j(v)?
-24
Let d(f) be the third derivative of -f**5/60 + f**4/12 - 2*f**3/3 + 2*f**2. Let l be (0 - 1 - -6)*(-68)/(-170). Let k be (-4 - -1)/((-8)/l)*4. What is d(k)?
-7
Let j(w) = -w**2 - 5*w + 11. Let t = -170 - -162. Calculate j(t).
-13
Let j(u) = -16*u + 19. Let v be j(-3). Let m = 73 - v. Let h(y) = 3*y - 2*y - 3*y + 3 - y**3 + 6*y**2. Determine h(m).
-9
Let r(j) = -j**2 + 12*j - 22. Let q be r(10). Let c be (-3)/(-6)*(0 + q). Let u(m) = -10*m - 1. Give u(c).
9
Let s(w) = 2 + 2*w**2 - w**2 + 1 - w**3. Let g be -1 - -3 - -3 - 1. Suppose 0*c = -2*c - 4*m + 8, 8 = -5*c + g*m. Calculate s(c).
3
Let p(i) = i**3 + 33*i**2 - 105*i + 105. Let w be p(-36). Let s(a) be the second derivative of -a**5/20 - a**4/12 + 2*a**3/3 + a**2 - 2*a. Determine s(w).
8
Let f be 36/9 + (2 - -1). Let o(t) = -t**2 + 4*t + 15. Let q be o(f). Let b(j) = -j**3 - 5*j**2 + 6*j + 7. Calculate b(q).
7
Suppose 19 = 5*q - 5*t - 16, -2*t - 12 = -q. Suppose -6 = 4*z + 3*i, -5*z - q*i = -i + 2. Let h(a) = -a**2 - a + 5. What is h(z)?
5
Let w(r) = -r**3 + 13*r**2 - 7*r - 4. Let u = 65 - 60. Let x(a) = -a + 1. Let h(n) = u*x(n) + w(n). Give h(12).
1
Let v(u) be the first derivative of -u**2/2 - 19*u - 30. Determine v(8).
-27
Let j(i) = 2*i**3 + 39*i**2 - 21*i - 22. Let k be j(-20). Let h(y) = 2*y**2 + 5*y + 6. Let v be h(k). Let x(c) = 3*c - 5. Give x(v).
7
Suppose 24 + 4 = 4*f. Let q(j) = -4 + j - j - f*j + 6. Let x = 5 - 3. Calculate q(x).
-12
Let z(k) = -k**2 - 5*k + 9. Let m be z(-6). Let l(s) = -15*s + 10*s + 4*s + 11*s**m - 1 - s**2. Calculate l(-1).
-12
Let n(x) = x**2 + 1. Let h be n(0). Suppose 2*m - 14 = -6. Let t(l) = m*l**2 - 1 + 0*l**2 + l + l**2 - l**2. What is t(h)?
4
Let b be (-3)/(-12) + ((-10)/8 - -3). Let g(x) = 12*x**2 - 2*x. Give g(b).
44
Let q(k) be the third derivative of -7*k**2 - 1/15*k**5 + 0*k - 2/3*k**3 - 1/120*k**6 + 0 - 1/8*k**4. Calculate q(-3).
-4
Let d(r) be the first derivative of -r**4/12 - r**3/6 - 13*r**2/2 + 1. Let g(w) be the second derivative of d(w). Give g(-5).
9
Suppose -28*v = 5*v. Let g(k) = k**2 - 8. Calculate g(v).
-8
Let y(g) = -3*g - 4. Suppose -3*r + 2*t = -288, -3*t = 3*r - 45 - 258. Suppose 14*z + 0*z + r = 0. What is y(z)?
17
Let v be (2 - 2) + (-99)/11. Let w(a) = -a**2 - 8*a + 11. Determine w(v).
2
Let p(x) = 2*x + 10. Let m(f) = f**3 - 11*f**2 + 24*f - 9. Let y be m(8). What is p(y)?
-8
Let b(o) = -13*o - 2. Let q(j) = 13*j - 1. Let p(z) = -5*b(z) - 4*q(z). Calculate p(-4).
-38
Let s(t) = -t**2 + 16*t - 35. Suppose 0 = -22*l - 2228 + 2536. Determine s(l).
-7
Let m(z) = 4*z**2 + 15*z**3 - 3*z**2 + 338*z - 337*z. Calculate m(-1).
-15
Let r(q) = -q**3 - 5*q**2 - q + 2. Let h = 11 + -11. Suppose 20 = -h*y + 2*y. Suppose 5*z + y = -5. Calculate r(z).
-13
Let v = -10 - -8. Let p(d) be the first derivative of -5*d**2/2 + 2. Determine p(v).
10
Let x = 14 + -20. Let k(t) be the third derivative of 1/120*t**6 + 1/10*t**5 + 0*t**4 + 0 - 17*t**2 - 1/6*t**3 + 0*t. What is k(x)?
-1
Let q(o) = -36*o**2. Let w = 461 + -462. What is q(w)?
-36
Suppose -u = 2018 - 2024. Let k(r) = -r**3 + 3*r**2 + 11*r + 6. Calculate k(u).
-36
Let i(h) = -5*h**2 + 4*h**2 + 2*h**2 - 5*h**3 - h. Let d = -8689 + 8690. Give i(d).
-5
Let m(t) = -312*t - t**2 + 312*t. Let g(y) = -3*y**2 + y. Suppose 5*c - 1 = -6. Let b(v) = c*g(v) - 2*m(v). Calculate b(1).
4
Let k(s) = -s. Let c(j) = -10*j - 1 - j**2 + 7*j + 10*j. Let h be c(6). Calculate k(h).
-5
Let l(s) = 9*s - 17. Let a(f) = 5*f - 9. Let y(m) = -11*a(m) + 6*l(m). Give y(4).
-7
Let d be (-8)/(-36)*3*-3. Let q be 4*(2/2 + d). Let j(b) = b**3 - 2*b**2 + b + 2. Let g(t) = -t**3 + 3*t**2 - t - 1. Let h(r) = q*g(r) - 3*j(r). Calculate h(6).
4
Let t(d) be the first derivative of d**4/4 + 7*d**3/3 - 9*d**2 - 10*d + 216. Determine t(-9).
-10
Let q = 117 + -109. Let i(n) = n**2 - 8*n + 2. Calculate i(q).
2
Let j(r) = -r - 2. Let l(a) = -a - 2. Let p(y) = 6*j(y) - 5*l(y). Give p(-3).
1
Let c(u) be the third derivative of -u**5/60 - 5*u**4/24 - u**3/3 + 2*u**2 + 2*u. Calculate c(-2).
4
Let a(s) be the first derivative of s**4/4 - 3*s**3 - 3*s**2/2 + 21*s - 170. What is a(9)?
-6
Let p be (6/(-9)*-12)/2. Suppose -p*a - a = 0. Let q(u) = 7*u - 2. Let m(o) = 11*o - 2. Let n(w) = -5*m(w) + 8*q(w). Determine n(a).
-6
Let n be (64/(-224))/(1 - (-6)/(-7)). Let m(y) = 4*y**2 + 2*y - 2. Determine m(n).
10
Let w = -773 - -779. Let y(o) be the second derivative of o**4/12 - 2*o**3/3 - o**2/2 + o. Give y(w).
11
Let c(b) be the second derivative of -b**4/6 + b**3/2 - 5*b**2/2 - 86*b - 1. Determine c(4).
-25
Let d be 3/(3 - 18/8). Suppose 4*j = 2*j + d. Let b(i) = 2*i**j + i**2 - 2*i**2. What is b(3)?
9
Suppose -b = -2*b - d + 7, 3*b = 5*d + 29. Let y(j) be the second derivative of j**5/20 - 2*j**4/3 + j**2 + 6*j. What is y(b)?
2
Let h(y) = y**2 - 9*y + 8. Let m be h(7). Let c be (6/(-4))/(m/4). Let q(x) = -2*x**2 - 94*x + x**3 + 34*x - 1 + 38*x + 24*x. Give q(c).
0
Let p(h) be the second derivative of h**4/12 - h**3/6 - h**2 + 98*h. What is p(-1)?
0
Let i(u) = -u**3 - u**2. Let o = -6 - -10. Let r(q) = q**3 - 3*q**2 - 3*q - 4. Let d be r(o). Give i(d).
0
Let l(v) = v + 6. Let q be 21/2*(-8)/6. Suppose 313 - 304 = o. Let w = q + o. Give l(w).
1
Suppose 5 = -5*h + 4*h. Let i(s) = -3*s**3 - 7*s**2 - 3*s + 8. Let x(d) = -7*d**3 - 14*d**2 - 6*d + 17. Let o(t) = h*i(t) + 2*x(t). Give o(-6).
12
Let l(g) = -g + 34. Let b be l(27). Let r(a) = a - 10. Give r(b).
-3
Let t = 1 + -1. Let c = 83 + -81. Let v(g) = 5*g**3 + 3 - 141*g**2 + c + 142*g**2 - 4*g**3. Calculate v(t).
5
Let p(w) = 2*w - 23. Let c = -188 + 198. Determine p(c).
-3
Let i(g) = g**2 - 6*g - 5. Let f(q) = -3*q**3 - 2*q**2 + 7*q + 5. Let c be f(0). Calculate i(c).
-10
Suppose 4*d = 11 + 21. Suppose -d + 10 = s. Let q(o) = -7*o**3 + 16*o**3 - 10 - 8*o**3 - o**s. What is q(0)?
-10
Let g(v) = -v**2 + 2*v + 14. Let m be g(0). Let t(i) = -i**2 + 14*i - 15. Give t(m).
-15
Let j(s) = -4*s + s**3 - s + 3 + 7*s + 0*s + 3*s**2. Let y(m) = 6*m**2 - m + 1. Let w be y(1). Let x be 1/(4/w - 1). What is j(x)?
-3
Let h(d) be the second derivative of -d**5/120 - d**4/8 + 10*d**3/3 + 7*d. Let a(w) be the second derivative of h(w). Calculate a(-4).
1
Suppose 102*g - 72 = 111*g. Let l(q) = 2*q + 15. Give l(g).
-1
Suppose -16*q - 15 = -21*q. Suppose -5*h + 37 = -3*b, -4*b + 0*h - 30 = q*h. Let i(x) = x**3 + 10*x**2 + 9*x - 1. What is i(b)?
-1
Let j(a) = -a**2 + 1200*a - 2392*a + 1200*a - 8. Give j(6).
4
Let q(d) = -10*d - 2. Let k(h) = 34*h + 9. Let x(g) = 2*k(g) + 7*q(g). Give x(-3).
10
Let l be ((-4)/(-12)*1)/((-1)/(-99)). Let z = 38 - l. Let x(p) be the second derivative of p**5/20 - p**4/2 + 2*p**3/3 + p**2/2 + p. What is x(z)?
-4
Let r(l) = 35 - 12 - 16 - 9 - 3*l. What is r(3)?
-11
Let c(l) = -l**3 + 15*l**2 + l - 17. Suppose -x = -2*z + 66 - 40, 5*x = -z + 35. Determine c(z).
-2
Let s(y) be the first derivative of 0*y - 9/2*y**2 - 19. Let o(r) = r**3 + 6*r**2 + r + 5. Let b be o(-6). Determine s(b).
9
Let q(i) = -i**2 - 5*i - 5. Let x(v) = -9*v**2 + 5*v - 6. Let m be x(3). Let w = m - -65. Determine q(w).
-19
Let a(r) = -3*r**2 + r + 4*r**2 + 5*r + 0*r - 5. Let f(m) = -m**2 - 5*m + 2. Let y be f(-5). Let n be 7/(-7) + -2*y. Calculate a(n).
-10
Let s be (28/21 - 0)*6/(-4). Let x(d) = -4*d**2 + 1. What is x(s)?
-15
Let p(z) = -z**3 - 5*z**2 - z + 4. Suppose 2*q + q = -3*r + 12, -2*q - 3*r = -6. Suppose -10*m = -q*m + 12. Calculate p(m).
-11
Let h(a) = a**2 + 6*a + 6. Suppose 3 = -2*i - 3. Let u be ((-10)/(-4))/(21/(-6) - i). What is h(u)?
1
Let p = 3 + 7. Let t = p + -6. Let l(v) = -3*v + 6*v - 43 - 63 + 100 + 0*v. What is l(t)?
6
Let s(c) = -c**3 - 6*c**2 - 4. Let o(u) be the first derivative of -3*u**2 + 1/3*u**3 - 3 + 2*u. Le